{"id":169,"date":"2022-05-16T15:42:44","date_gmt":"2022-05-16T15:42:44","guid":{"rendered":"https:\/\/xn--tauernhhenweg-omb.com\/?page_id=169"},"modified":"2024-05-29T15:36:27","modified_gmt":"2024-05-29T15:36:27","slug":"die-huetten","status":"publish","type":"page","link":"https:\/\/xn--tauernhhenweg-omb.com\/?page_id=169","title":{"rendered":"Die H\u00fctten."},"content":{"rendered":"\n<h2 class=\"wp-block-heading has-light-green-cyan-color has-text-color\">ZIEL.SCHUTZ.GASTLICH.<\/h2>\n\n\n\n<figure class=\"wp-block-image size-large\"><img loading=\"lazy\" decoding=\"async\" width=\"1024\" height=\"683\" src=\"https:\/\/xn--tauernhhenweg-omb.com\/wp-content\/uploads\/2022\/05\/IVT_Der-THW_004fgp-1024x683.jpg\" alt=\"\" class=\"wp-image-176\" srcset=\"https:\/\/xn--tauernhhenweg-omb.com\/wp-content\/uploads\/2022\/05\/IVT_Der-THW_004fgp-1024x683.jpg 1024w, https:\/\/xn--tauernhhenweg-omb.com\/wp-content\/uploads\/2022\/05\/IVT_Der-THW_004fgp-300x200.jpg 300w, https:\/\/xn--tauernhhenweg-omb.com\/wp-content\/uploads\/2022\/05\/IVT_Der-THW_004fgp-768x512.jpg 768w, https:\/\/xn--tauernhhenweg-omb.com\/wp-content\/uploads\/2022\/05\/IVT_Der-THW_004fgp-1536x1025.jpg 1536w, https:\/\/xn--tauernhhenweg-omb.com\/wp-content\/uploads\/2022\/05\/IVT_Der-THW_004fgp-2048x1366.jpg 2048w, https:\/\/xn--tauernhhenweg-omb.com\/wp-content\/uploads\/2022\/05\/IVT_Der-THW_004fgp-2000x1334.jpg 2000w\" sizes=\"auto, (max-width: 1024px) 100vw, 1024px\" \/><\/figure>\n\n\n\n<h2 class=\"wp-block-heading has-light-green-cyan-color has-text-color\">H\u00fctten.Begeistert.<\/h2>\n\n\n\n<p class=\"has-light-green-cyan-background-color has-background\">Die H\u00fctten am TAUERNH\u00d6HENWEG bieten nicht nur <strong>Schutz und Unterkunft<\/strong> in dieser hochalpinen Welt. Sie sind Erlebnisr\u00e4ume &#8211; gastlich, gem\u00fctlich und jede mit ihrem <strong>ganz eigenen Charakter<\/strong>. Ob &#8222;kulinarisch erschlossen&#8220; oder ein selbst gestaltbares &#8222;Dach \u00fcberm Kopf&#8220;, diese H\u00fctten haben es in sich. Von hochmodern und talseits mit Bergbahnen erreichbar bis hin zu Orten mit Geschichte, die nur \u00fcber alpine Zustiege zug\u00e4nglich sind. Jede ist besonders, einzigartig. In den <strong>bewirtschafteten H\u00fctten<\/strong> leisten die Wirtsleute mit ihren Teams Au\u00dfergew\u00f6hnliches f\u00fcr ihre G\u00e4ste, n\u00e4mlich Service und Gastronomie auf h\u00f6chstem Niveau, von der Logistik und Organisation bis ins Glas oder auf den Teller, um sich von den Bergen am Tauernh\u00f6henweg so richtig verzaubern und verw\u00f6hnen zu lassen. Die <strong>Selbstversorgungsh\u00fctten<\/strong> zeichnen die Menschen, die sie besuchen, in eine Bergwelt, mit der sie eins werden &#8211; in jedem Moment, einer intesiver als der andere.<\/p>\n\n\n\n<figure class=\"wp-block-image size-large\"><img loading=\"lazy\" decoding=\"async\" width=\"1024\" height=\"683\" src=\"https:\/\/xn--tauernhhenweg-omb.com\/wp-content\/uploads\/2022\/05\/IVT_Der-THW_009fgp-1024x683.jpg\" alt=\"\" class=\"wp-image-331\" srcset=\"https:\/\/xn--tauernhhenweg-omb.com\/wp-content\/uploads\/2022\/05\/IVT_Der-THW_009fgp-1024x683.jpg 1024w, https:\/\/xn--tauernhhenweg-omb.com\/wp-content\/uploads\/2022\/05\/IVT_Der-THW_009fgp-300x200.jpg 300w, https:\/\/xn--tauernhhenweg-omb.com\/wp-content\/uploads\/2022\/05\/IVT_Der-THW_009fgp-768x512.jpg 768w, https:\/\/xn--tauernhhenweg-omb.com\/wp-content\/uploads\/2022\/05\/IVT_Der-THW_009fgp-1536x1024.jpg 1536w, https:\/\/xn--tauernhhenweg-omb.com\/wp-content\/uploads\/2022\/05\/IVT_Der-THW_009fgp-2048x1366.jpg 2048w, https:\/\/xn--tauernhhenweg-omb.com\/wp-content\/uploads\/2022\/05\/IVT_Der-THW_009fgp-2000x1334.jpg 2000w\" sizes=\"auto, (max-width: 1024px) 100vw, 1024px\" \/><\/figure>\n\n\n\n<h2 class=\"wp-block-heading has-light-green-cyan-background-color has-background\">Bewirtschaftete H\u00fctten.          <em>(von West nach Ost)<\/em><\/h2>\n\n\n\n<div class=\"wp-block-buttons is-layout-flex wp-block-buttons-is-layout-flex\">\n<div class=\"wp-block-button\"><a class=\"wp-block-button__link has-black-color has-light-green-cyan-background-color has-text-color has-background wp-element-button\" href=\"https:\/\/www.alpenvereinaktiv.com\/de\/bewirtschaftete-huette\/glockner-haus\/6938101\/\" target=\"_blank\" rel=\"noreferrer noopener\">Glocknerhaus (2.132m)<\/a><\/div>\n\n\n\n<div class=\"wp-block-button\"><a class=\"wp-block-button__link has-black-color has-light-green-cyan-background-color has-text-color has-background wp-element-button\" href=\"https:\/\/www.alpenvereinaktiv.com\/de\/bewirtschaftete-huette\/zittel-haus\/6938487\/\" target=\"_blank\" rel=\"noreferrer noopener\">Zittelhaus (3.105m)<\/a><\/div>\n\n\n\n<div class=\"wp-block-button\"><a class=\"wp-block-button__link has-black-color has-light-green-cyan-background-color has-text-color has-background wp-element-button\" href=\"https:\/\/www.alpenvereinaktiv.com\/de\/bewirtschaftete-huette\/rojacher-huette\/7025974\/\" target=\"_blank\" rel=\"noreferrer noopener\">Rojacher H\u00fctte (2.718m)<\/a><\/div>\n\n\n\n<div class=\"wp-block-button\"><a class=\"wp-block-button__link has-black-color has-light-green-cyan-background-color has-text-color has-background wp-element-button\" href=\"https:\/\/www.alpenvereinaktiv.com\/de\/bewirtschaftete-huette\/naturfreunde-schutzhaus-neubau\/40116369\/\" target=\"_blank\" rel=\"noreferrer noopener\">Naturfreunde Schutzhaus Neubau (2.175m)<\/a><\/div>\n\n\n\n<div class=\"wp-block-button\"><a class=\"wp-block-button__link has-black-color has-light-green-cyan-background-color has-text-color has-background wp-element-button\" href=\"https:\/\/www.alpenvereinaktiv.com\/de\/bewirtschaftete-huette\/niedersachsenhaus\/6938658\/\" target=\"_blank\" rel=\"noreferrer noopener\">Niedersachsenhaus (2.471m)<\/a><\/div>\n\n\n\n<div class=\"wp-block-button\"><a class=\"wp-block-button__link has-black-color has-light-green-cyan-background-color has-text-color has-background wp-element-button\" href=\"https:\/\/www.alpenvereinaktiv.com\/de\/bewirtschaftete-huette\/duisburger-huette\/6938549\/\" target=\"_blank\" rel=\"noreferrer noopener\">Duisburger H\u00fctte (2.572m)<\/a><\/div>\n\n\n\n<div class=\"wp-block-button\"><a class=\"wp-block-button__link has-black-color has-light-green-cyan-background-color has-text-color has-background wp-element-button\" href=\"https:\/\/www.alpenvereinaktiv.com\/de\/bewirtschaftete-huette\/fraganter-schutzhaus\/6938080\/\" target=\"_blank\" rel=\"noreferrer noopener\">Fraganter Schutzhaus (1.810m)<\/a><\/div>\n\n\n\n<div class=\"wp-block-button\"><a class=\"wp-block-button__link has-black-color has-light-green-cyan-background-color has-text-color has-background wp-element-button\" href=\"https:\/\/www.alpenvereinaktiv.com\/de\/bewirtschaftete-huette\/sadnig-haus\/6938503\/\" target=\"_blank\" rel=\"noreferrer noopener\">Sadnighaus (1.880m)<\/a><\/div>\n\n\n\n<div class=\"wp-block-button\"><a class=\"wp-block-button__link has-black-color has-light-green-cyan-background-color has-text-color has-background wp-element-button\" href=\"https:\/\/www.alpenvereinaktiv.com\/de\/bewirtschaftete-huette\/hagener-huette\/6938585\/\" target=\"_blank\" rel=\"noreferrer noopener\">Hagener H\u00fctte (2.446M)<\/a><\/div>\n\n\n\n<div class=\"wp-block-button\"><a class=\"wp-block-button__link has-black-color has-light-green-cyan-background-color has-text-color has-background wp-element-button\" href=\"https:\/\/www.alpenvereinaktiv.com\/de\/bewirtschaftete-huette\/hannoverhaus\/6938591\/\" target=\"_blank\" rel=\"noreferrer noopener\">Hannoverhaus (2.565M)<\/a><\/div>\n\n\n\n<div class=\"wp-block-button\"><a class=\"wp-block-button__link has-black-color has-light-green-cyan-background-color has-text-color has-background wp-element-button\" href=\"https:\/\/www.alpenvereinaktiv.com\/de\/bewirtschaftete-huette\/giessener-huette\/7026192\/\" target=\"_blank\" rel=\"noreferrer noopener\">Gie\u00dfener H\u00fctte (2.215m)<\/a><\/div>\n\n\n\n<div class=\"wp-block-button\"><a class=\"wp-block-button__link has-black-color has-light-green-cyan-background-color has-text-color has-background wp-element-button\" href=\"https:\/\/www.alpenvereinaktiv.com\/de\/bewirtschaftete-huette\/arthur-von-schmid-haus\/6938014\/\" target=\"_blank\" rel=\"noreferrer noopener\">Arthur-von-Schmid-haus (2.281M)<\/a><\/div>\n\n\n\n<div class=\"wp-block-button\"><a class=\"wp-block-button__link has-black-color has-light-green-cyan-background-color has-text-color has-background wp-element-button\" href=\"https:\/\/www.alpenvereinaktiv.com\/de\/bewirtschaftete-huette\/osnabruecker-huette\/6938666\/\" target=\"_blank\" rel=\"noreferrer noopener\">Osnabr\u00fccker H\u00fctte (2.022M)<\/a><\/div>\n\n\n\n<div class=\"wp-block-button\"><a class=\"wp-block-button__link has-black-color has-light-green-cyan-background-color has-text-color has-background wp-element-button\" href=\"https:\/\/www.alpenvereinaktiv.com\/de\/bewirtschaftete-huette\/kattowitzer-huette\/7026203\/\" target=\"_blank\" rel=\"noreferrer noopener\">Kattowitzer H\u00fctte (2.319m)<\/a><\/div>\n\n\n\n<div class=\"wp-block-button\"><a class=\"wp-block-button__link has-black-color has-light-green-cyan-background-color has-text-color has-background wp-element-button\" href=\"https:\/\/www.alpenverein.at\/gmuenderhuette\/\" target=\"_blank\" rel=\"noreferrer noopener\">Gm\u00fcnder H\u00fctte (1.185m)<\/a><\/div>\n\n\n\n<div class=\"wp-block-button\"><a class=\"wp-block-button__link has-black-color has-light-green-cyan-background-color has-text-color has-background wp-element-button\" href=\"https:\/\/www.alpenvereinaktiv.com\/de\/bewirtschaftete-huette\/reisseck-huette\/6938361\/\" target=\"_blank\" rel=\"noreferrer noopener\">Reisseckh\u00fctte (2.287M)<\/a><\/div>\n<\/div>\n\n\n\n<div style=\"height:25px\" aria-hidden=\"true\" class=\"wp-block-spacer\"><\/div>\n\n\n\n<figure class=\"wp-block-image size-large\"><img loading=\"lazy\" decoding=\"async\" width=\"1024\" height=\"683\" src=\"https:\/\/xn--tauernhhenweg-omb.com\/wp-content\/uploads\/2022\/05\/IVT_Der-THW_010fgp-1024x683.jpg\" alt=\"\" class=\"wp-image-332\" srcset=\"https:\/\/xn--tauernhhenweg-omb.com\/wp-content\/uploads\/2022\/05\/IVT_Der-THW_010fgp-1024x683.jpg 1024w, https:\/\/xn--tauernhhenweg-omb.com\/wp-content\/uploads\/2022\/05\/IVT_Der-THW_010fgp-300x200.jpg 300w, https:\/\/xn--tauernhhenweg-omb.com\/wp-content\/uploads\/2022\/05\/IVT_Der-THW_010fgp-768x512.jpg 768w, https:\/\/xn--tauernhhenweg-omb.com\/wp-content\/uploads\/2022\/05\/IVT_Der-THW_010fgp-1536x1025.jpg 1536w, https:\/\/xn--tauernhhenweg-omb.com\/wp-content\/uploads\/2022\/05\/IVT_Der-THW_010fgp-2048x1366.jpg 2048w, https:\/\/xn--tauernhhenweg-omb.com\/wp-content\/uploads\/2022\/05\/IVT_Der-THW_010fgp-2000x1334.jpg 2000w\" sizes=\"auto, (max-width: 1024px) 100vw, 1024px\" \/><\/figure>\n\n\n\n<h2 class=\"wp-block-heading has-cyan-bluish-gray-background-color has-background\">Selbstversorgungsh\u00fctten.          <em>(von West nach Ost)<\/em><\/h2>\n\n\n\n<div class=\"wp-block-buttons is-layout-flex wp-block-buttons-is-layout-flex\">\n<div class=\"wp-block-button\"><a class=\"wp-block-button__link has-black-color has-cyan-bluish-gray-background-color has-text-color has-background wp-element-button\" href=\"https:\/\/www.alpenvereinaktiv.com\/de\/biwak\/boeseckhuette\/7025988\/\" target=\"_blank\" rel=\"noreferrer noopener\">B\u00f6seckh\u00fctte (2.594m)<\/a><\/div>\n\n\n\n<div class=\"wp-block-button\"><a class=\"wp-block-button__link has-black-color has-cyan-bluish-gray-background-color has-text-color has-background wp-element-button\" href=\"https:\/\/www.alpenvereinaktiv.com\/de\/selbstversorgerhuette\/mindener-huette\/7026226\/\" target=\"_blank\" rel=\"noreferrer noopener\">Mindener H\u00fctte (2.428M)<\/a><\/div>\n\n\n\n<div class=\"wp-block-button\"><a class=\"wp-block-button__link has-black-color has-cyan-bluish-gray-background-color has-text-color has-background wp-element-button\" href=\"https:\/\/www.alpenvereinaktiv.com\/de\/selbstversorgerhuette\/celler-huette\/6938747\/\" target=\"_blank\" rel=\"noreferrer noopener\">Celler H\u00fctte (2.240m)<\/a><\/div>\n\n\n\n<div class=\"wp-block-button\"><a class=\"wp-block-button__link has-black-color has-cyan-bluish-gray-background-color has-text-color has-background wp-element-button\" href=\"https:\/\/www.alpenvereinaktiv.com\/de\/selbstversorgerhuette\/villacher-huette\/6938455\/\" target=\"_blank\" rel=\"noreferrer noopener\">Villacher H\u00fctte (2.194M)<\/a><\/div>\n<\/div>\n\n\n\n<div style=\"height:25px\" aria-hidden=\"true\" class=\"wp-block-spacer\"><\/div>\n","protected":false},"excerpt":{"rendered":"<p>ZIEL.SCHUTZ.GASTLICH. H\u00fctten.Begeistert. Die H\u00fctten am TAUERNH\u00d6HENWEG bieten nicht nur Schutz und Unterkunft in dieser hochalpinen Welt. Sie sind Erlebnisr\u00e4ume &#8211; gastlich, gem\u00fctlich und jede mit ihrem ganz eigenen Charakter. Ob &#8222;kulinarisch erschlossen&#8220; oder ein selbst gestaltbares &#8222;Dach \u00fcberm Kopf&#8220;, diese H\u00fctten haben es in sich. Von hochmodern und talseits mit Bergbahnen erreichbar bis hin zu &hellip; <\/p>\n<p class=\"link-more\"><a href=\"https:\/\/xn--tauernhhenweg-omb.com\/?page_id=169\" class=\"more-link\">Mehr <span class=\"screen-reader-text\">\u00fcber &#8222;Die H\u00fctten.&#8220; <\/span>Lesen<\/a><\/p>\n","protected":false},"author":1,"featured_media":175,"parent":60,"menu_order":2,"comment_status":"closed","ping_status":"closed","template":"","meta":{"inspiro_hide_title":false,"footnotes":""},"class_list":["post-169","page","type-page","status-publish","has-post-thumbnail","hentry"],"_links":{"self":[{"href":"https:\/\/xn--tauernhhenweg-omb.com\/index.php?rest_route=\/wp\/v2\/pages\/169","targetHints":{"allow":["GET"]}}],"collection":[{"href":"https:\/\/xn--tauernhhenweg-omb.com\/index.php?rest_route=\/wp\/v2\/pages"}],"about":[{"href":"https:\/\/xn--tauernhhenweg-omb.com\/index.php?rest_route=\/wp\/v2\/types\/page"}],"author":[{"embeddable":true,"href":"https:\/\/xn--tauernhhenweg-omb.com\/index.php?rest_route=\/wp\/v2\/users\/1"}],"replies":[{"embeddable":true,"href":"https:\/\/xn--tauernhhenweg-omb.com\/index.php?rest_route=%2Fwp%2Fv2%2Fcomments&post=169"}],"version-history":[{"count":22,"href":"https:\/\/xn--tauernhhenweg-omb.com\/index.php?rest_route=\/wp\/v2\/pages\/169\/revisions"}],"predecessor-version":[{"id":1064,"href":"https:\/\/xn--tauernhhenweg-omb.com\/index.php?rest_route=\/wp\/v2\/pages\/169\/revisions\/1064"}],"up":[{"embeddable":true,"href":"https:\/\/xn--tauernhhenweg-omb.com\/index.php?rest_route=\/wp\/v2\/pages\/60"}],"wp:featuredmedia":[{"embeddable":true,"href":"https:\/\/xn--tauernhhenweg-omb.com\/index.php?rest_route=\/wp\/v2\/media\/175"}],"wp:attachment":[{"href":"https:\/\/xn--tauernhhenweg-omb.com\/index.php?rest_route=%2Fwp%2Fv2%2Fmedia&parent=169"}],"curies":[{"name":"wp","href":"https:\/\/api.w.org\/{rel}","templated":true}]}}