{"id":558,"date":"2023-05-02T13:59:04","date_gmt":"2023-05-02T13:59:04","guid":{"rendered":"https:\/\/xn--tauernhhenweg-omb.com\/?page_id=558"},"modified":"2025-05-12T17:31:51","modified_gmt":"2025-05-12T17:31:51","slug":"wegepunkt-2-untere-pfandlscharte-2-663m","status":"publish","type":"page","link":"https:\/\/xn--tauernhhenweg-omb.com\/?page_id=558","title":{"rendered":"2: Untere Pfandlscharte (2.663m)"},"content":{"rendered":"\n<p class=\"has-light-green-cyan-background-color has-background\"><strong>N\u00e4chstgelegene(n) H\u00dcTTEN:<\/strong> <strong>Gasthof Trauneralm<\/strong> in n\u00f6rdlicher Richtung <em>(ca. 3,5 Std. Gehzeit, rot)<\/em> <strong>Glocknerhaus<\/strong> in s\u00fcdlicher Richtung <em>(ca. 3,5 Std. Gehzeit, schwarz)<\/em>, <strong>Wallackhaus<\/strong> in \u00f6stlicher Richtung bis Hochtor, dann s\u00fcdlich <em>(ca. 5,0 Std. Gehzeit, schwarz)<\/em><\/p>\n\n\n\n<div class=\"wp-block-buttons is-layout-flex wp-block-buttons-is-layout-flex\">\n<div class=\"wp-block-button\"><a class=\"wp-block-button__link has-black-color has-light-green-cyan-background-color has-text-color has-background wp-element-button\" href=\"https:\/\/www.lukashansl.at\/de\/trauneralm\" target=\"_blank\" rel=\"noreferrer noopener\">Trauneralm (1.530m)<\/a><\/div>\n\n\n\n<div class=\"wp-block-button\"><a class=\"wp-block-button__link has-black-color has-light-green-cyan-background-color has-text-color has-background wp-element-button\" href=\"https:\/\/www.alpenvereinaktiv.com\/de\/bewirtschaftete-huette\/glockner-haus\/6938101\/\" target=\"_blank\" rel=\"noreferrer noopener\">Glocknerhaus (2.132m)<\/a><\/div>\n\n\n\n<div class=\"wp-block-button\"><a class=\"wp-block-button__link has-black-color has-light-green-cyan-background-color has-text-color has-background wp-element-button\" href=\"https:\/\/regiojethotels.at\/hotel-wallackhaus\" target=\"_blank\" rel=\"noreferrer noopener\">Wallackhaus (2.304m)<\/a><\/div>\n<\/div>\n\n\n\n<div style=\"height:25px\" aria-hidden=\"true\" class=\"wp-block-spacer\"><\/div>\n\n\n\n<p class=\"has-cyan-bluish-gray-background-color has-background\"><strong>N\u00e4chstgelegene(r) TALORT(E):<\/strong> <strong>Heiligenblut<\/strong> in s\u00fcdlicher Richtung <em>(ca. 7,0 Std. Gehzeit, schwarz)<\/em>, <strong>Ferleiten<\/strong> an der Gro\u00dfglocknerstra\u00dfe <em>(ca. 4,5 Std. Gehzeit, rot)<\/em><\/p>\n\n\n\n<div class=\"wp-block-buttons is-layout-flex wp-block-buttons-is-layout-flex\">\n<div class=\"wp-block-button\"><a class=\"wp-block-button__link has-black-color has-cyan-bluish-gray-background-color has-text-color has-background wp-element-button\" href=\"https:\/\/heiligenblut.at\/\" target=\"_blank\" rel=\"noreferrer noopener\">Heiligenblut (1.288m)<\/a><\/div>\n\n\n\n<div class=\"wp-block-button\"><a class=\"wp-block-button__link has-black-color has-cyan-bluish-gray-background-color has-text-color has-background wp-element-button\" href=\"https:\/\/www.bruck-fusch.at\/de\/sommer\/grossglockner-hochalpenstrasse\/\" target=\"_blank\" rel=\"noreferrer noopener\">Ferleiten bei Fusch (1.145m)<\/a><\/div>\n<\/div>\n\n\n\n<div style=\"height:25px\" aria-hidden=\"true\" class=\"wp-block-spacer\"><\/div>\n\n\n\n<p class=\"has-pale-cyan-blue-background-color has-background\"><strong>N\u00e4chstgelegene(n) \u00d6PNV-HALTESTELLEN:<\/strong> <strong>Glocknerhaus<\/strong> &#8211; Gro\u00dfglockner Hochalpenstra\u00dfe in s\u00fcdlicher Richtung <em>(ca. 3,5 Std. Gehzeit, schwarz)<\/em>, <strong>Ferleiten<\/strong> in n\u00f6rdlicher Richtung <em>(ca. 4,5 Std. Gehzeit, rot)<\/em>, sehr sporadisch <strong>Hochtor<\/strong> &#8211; Gro\u00dfglockner Hochalpenstra\u00dfe in \u00f6stlicher Richtung <em>(ca. 5,0 Std. Gehzeit, schwarz)<\/em><\/p>\n\n\n\n<div class=\"wp-block-buttons is-layout-flex wp-block-buttons-is-layout-flex\">\n<div class=\"wp-block-button\"><a class=\"wp-block-button__link has-black-color has-pale-cyan-blue-background-color has-text-color has-background wp-element-button\" href=\"https:\/\/www.kaerntner-linien.at\/wp-content\/uploads\/9546-heiligenblut-franz-josefs.hoehe_.01.06.-14.9.2025.pdf\" target=\"_blank\" rel=\"noreferrer noopener\">Glocknerhaus (2.132m)<\/a><\/div>\n\n\n\n<div class=\"wp-block-button\"><a class=\"wp-block-button__link has-black-color has-pale-cyan-blue-background-color has-text-color has-background wp-element-button\" href=\"https:\/\/salzburg-verkehr.at\/downloads\/regionalbus-650-zell-am-see-bruck-a-d-glocknerstrasse-fusch-ferleiten-3\/\" target=\"_blank\" rel=\"noreferrer noopener\">Ferleiten bei Fusch (1.145m)<\/a><\/div>\n\n\n\n<div class=\"wp-block-button\"><a class=\"wp-block-button__link has-black-color has-text-color has-background wp-element-button\" href=\"https:\/\/www.grossglockner.at\/de\/fuer-ihren-besuch\/glocknerbus\" style=\"background-color:#8ed1fc\" target=\"_blank\" rel=\"noreferrer noopener\">Hochtor (2.505m)<\/a><\/div>\n<\/div>\n\n\n\n<p><\/p>\n","protected":false},"excerpt":{"rendered":"<p>N\u00e4chstgelegene(n) H\u00dcTTEN: Gasthof Trauneralm in n\u00f6rdlicher Richtung (ca. 3,5 Std. Gehzeit, rot) Glocknerhaus in s\u00fcdlicher Richtung (ca. 3,5 Std. Gehzeit, schwarz), Wallackhaus in \u00f6stlicher Richtung bis Hochtor, dann s\u00fcdlich (ca. 5,0 Std. Gehzeit, schwarz) N\u00e4chstgelegene(r) TALORT(E): Heiligenblut in s\u00fcdlicher Richtung (ca. 7,0 Std. Gehzeit, schwarz), Ferleiten an der Gro\u00dfglocknerstra\u00dfe (ca. 4,5 Std. Gehzeit, rot) N\u00e4chstgelegene(n) &hellip; <\/p>\n<p class=\"link-more\"><a href=\"https:\/\/xn--tauernhhenweg-omb.com\/?page_id=558\" class=\"more-link\">Mehr <span class=\"screen-reader-text\">\u00fcber &#8222;2: Untere Pfandlscharte (2.663m)&#8220; <\/span>Lesen<\/a><\/p>\n","protected":false},"author":1,"featured_media":559,"parent":167,"menu_order":2,"comment_status":"open","ping_status":"closed","template":"","meta":{"inspiro_hide_title":false,"footnotes":""},"class_list":["post-558","page","type-page","status-publish","has-post-thumbnail","hentry"],"_links":{"self":[{"href":"https:\/\/xn--tauernhhenweg-omb.com\/index.php?rest_route=\/wp\/v2\/pages\/558","targetHints":{"allow":["GET"]}}],"collection":[{"href":"https:\/\/xn--tauernhhenweg-omb.com\/index.php?rest_route=\/wp\/v2\/pages"}],"about":[{"href":"https:\/\/xn--tauernhhenweg-omb.com\/index.php?rest_route=\/wp\/v2\/types\/page"}],"author":[{"embeddable":true,"href":"https:\/\/xn--tauernhhenweg-omb.com\/index.php?rest_route=\/wp\/v2\/users\/1"}],"replies":[{"embeddable":true,"href":"https:\/\/xn--tauernhhenweg-omb.com\/index.php?rest_route=%2Fwp%2Fv2%2Fcomments&post=558"}],"version-history":[{"count":8,"href":"https:\/\/xn--tauernhhenweg-omb.com\/index.php?rest_route=\/wp\/v2\/pages\/558\/revisions"}],"predecessor-version":[{"id":1259,"href":"https:\/\/xn--tauernhhenweg-omb.com\/index.php?rest_route=\/wp\/v2\/pages\/558\/revisions\/1259"}],"up":[{"embeddable":true,"href":"https:\/\/xn--tauernhhenweg-omb.com\/index.php?rest_route=\/wp\/v2\/pages\/167"}],"wp:featuredmedia":[{"embeddable":true,"href":"https:\/\/xn--tauernhhenweg-omb.com\/index.php?rest_route=\/wp\/v2\/media\/559"}],"wp:attachment":[{"href":"https:\/\/xn--tauernhhenweg-omb.com\/index.php?rest_route=%2Fwp%2Fv2%2Fmedia&parent=558"}],"curies":[{"name":"wp","href":"https:\/\/api.w.org\/{rel}","templated":true}]}}