{"id":614,"date":"2023-05-07T15:30:49","date_gmt":"2023-05-07T15:30:49","guid":{"rendered":"https:\/\/xn--tauernhhenweg-omb.com\/?page_id=614"},"modified":"2025-05-12T17:42:00","modified_gmt":"2025-05-12T17:42:00","slug":"wegepunkt-6-hoher-sonnblick-3-106m","status":"publish","type":"page","link":"https:\/\/xn--tauernhhenweg-omb.com\/?page_id=614","title":{"rendered":"6: Hoher Sonnblick (3.106m)"},"content":{"rendered":"\n<p class=\"has-light-green-cyan-background-color has-background\"><strong>N\u00e4chstgelegene(n) H\u00dcTTE(N):<\/strong>&nbsp;<strong>Zittelhaus<\/strong> direkt am Gipfel <em>(ca. 5 Min. Gehzeit, blau)<\/em>, <strong>Otto Umlauft Biwak<\/strong> in nordwestlicher Richtung&nbsp;<em>(ca. 3,5 Std. Gehzeit, schwarz)<\/em>, <strong>Naturfreundehaus Kolm-Saigurn<\/strong> in nordwestlicher, dann westlicher Richtung&nbsp;<em>(ca. 4,5 Std. Gehzeit, schwarz)<\/em>, <strong>Rojacher H\u00fctte<\/strong> in s\u00fcd\u00f6stlicher Richtung&nbsp;<em>(ca. 1,0 Std. Gehzeit, schwarz)<\/em>, <strong>Niedersachsenhaus<\/strong> in s\u00fcd\u00f6stlicher, dann nord\u00f6stlicher Richtung&nbsp;<em>(ca. 5,0 Std. Gehzeit, schwarz)<\/em>, <strong>Duisburger H\u00fctte<\/strong> in s\u00fcd\u00f6stlicher Richtung <em>(ca. 5,5 Std. Gehzeit, schwarz)<\/em><\/p>\n\n\n\n<div class=\"wp-block-buttons is-layout-flex wp-block-buttons-is-layout-flex\">\n<div class=\"wp-block-button\"><a class=\"wp-block-button__link has-black-color has-light-green-cyan-background-color has-text-color has-background wp-element-button\" href=\"https:\/\/www.alpenvereinaktiv.com\/de\/bewirtschaftete-huette\/zittel-haus\/6938487\/\" target=\"_blank\" rel=\"noreferrer noopener\">Zittelhaus (3.105m)<\/a><\/div>\n\n\n\n<div class=\"wp-block-button\"><a class=\"wp-block-button__link has-black-color has-light-green-cyan-background-color has-text-color has-background wp-element-button\" href=\"https:\/\/www.alpenvereinaktiv.com\/de\/biwak\/otto-umlauft-biwak\/6938316\/\" target=\"_blank\" rel=\"noreferrer noopener\">Otto Umlauft Biwak (2.987m)<\/a><\/div>\n\n\n\n<div class=\"wp-block-button\"><a class=\"wp-block-button__link has-black-color has-light-green-cyan-background-color has-text-color has-background wp-element-button\" href=\"https:\/\/www.alpenvereinaktiv.com\/de\/bewirtschaftete-huette\/naturfreundehaus-kolm-saigurn\/40116289\/\" target=\"_blank\" rel=\"noreferrer noopener\">Naturfreundehaus Kolm-Saigurn (1.598m)<\/a><\/div>\n\n\n\n<div class=\"wp-block-button\"><a class=\"wp-block-button__link has-black-color has-light-green-cyan-background-color has-text-color has-background wp-element-button\" href=\"https:\/\/www.alpenvereinaktiv.com\/de\/bewirtschaftete-huette\/rojacher-huette\/7025974\/\" target=\"_blank\" rel=\"noreferrer noopener\">Rojacher H\u00fctte (2.718m)<\/a><\/div>\n\n\n\n<div class=\"wp-block-button\"><a class=\"wp-block-button__link has-black-color has-light-green-cyan-background-color has-text-color has-background wp-element-button\" href=\"https:\/\/www.alpenvereinaktiv.com\/de\/bewirtschaftete-huette\/niedersachsenhaus\/6938658\/\" target=\"_blank\" rel=\"noreferrer noopener\">Niedersachsenhaus (2.471m)<\/a><\/div>\n\n\n\n<div class=\"wp-block-button\"><a class=\"wp-block-button__link has-black-color has-light-green-cyan-background-color has-text-color has-background wp-element-button\" href=\"https:\/\/www.alpenvereinaktiv.com\/de\/bewirtschaftete-huette\/duisburger-huette\/6938549\/\" target=\"_blank\" rel=\"noreferrer noopener\">Duisburger H\u00fctte (2.572m)<\/a><\/div>\n<\/div>\n\n\n\n<div style=\"height:25px\" aria-hidden=\"true\" class=\"wp-block-spacer\"><\/div>\n\n\n\n<p class=\"has-cyan-bluish-gray-background-color has-background\"><strong>N\u00e4chstgelegene(r) TALORT(E):<\/strong>&nbsp;<strong>Heiligenblut<\/strong> in westlicher Richtung&nbsp;<em>(ca. 5,0 Std. Gehzeit, rot)<\/em>, <strong>Kolm-Saigurn<\/strong> in nord\u00f6stlicher, dann westlicher Richtung&nbsp;<em>(ca. 4,5 Std. Gehzeit, schwarz)<\/em><\/p>\n\n\n\n<div class=\"wp-block-buttons is-layout-flex wp-block-buttons-is-layout-flex\">\n<div class=\"wp-block-button\"><a class=\"wp-block-button__link has-black-color has-cyan-bluish-gray-background-color has-text-color has-background wp-element-button\" href=\"https:\/\/heiligenblut.at\/\" target=\"_blank\" rel=\"noreferrer noopener\">Heiligenblut (1.288m)<\/a><\/div>\n\n\n\n<div class=\"wp-block-button\"><a class=\"wp-block-button__link has-black-color has-cyan-bluish-gray-background-color has-text-color has-background wp-element-button\" href=\"https:\/\/www.raurisertal.at\/\" target=\"_blank\" rel=\"noreferrer noopener\">Kolm-Saigurn bei Rauris (1.598m)<\/a><\/div>\n<\/div>\n\n\n\n<div style=\"height:25px\" aria-hidden=\"true\" class=\"wp-block-spacer\"><\/div>\n\n\n\n<p class=\"has-pale-cyan-blue-background-color has-background\"><strong>N\u00e4chstgelegene(n) \u00d6PNV-HALTESTELLEN(N):<\/strong>&nbsp;<strong>Flei\u00dftal-Flei\u00dfkehre<\/strong> in westlicher Richtung&nbsp;<em>(ca. 4,5 Std. Gehzeit, rot)<\/em>, <strong>Kolm-Saigurn<\/strong> in \u00f6stlicher Richtung&nbsp;<em>(ca. 2,5 Std. Gehzeit, rot)<\/em><\/p>\n\n\n\n<div class=\"wp-block-buttons is-layout-flex wp-block-buttons-is-layout-flex\">\n<div class=\"wp-block-button\"><a class=\"wp-block-button__link has-black-color has-pale-cyan-blue-background-color has-text-color has-background wp-element-button\" href=\"https:\/\/www.kaerntner-linien.at\/wp-content\/uploads\/9546-heiligenblut-franz-josefs.hoehe_.01.06.-14.9.2025.pdf\" target=\"_blank\" rel=\"noreferrer noopener\">Flei\u00dftal-Flei\u00dfkehre (1.505m)<\/a><\/div>\n\n\n\n<div class=\"wp-block-button\"><a class=\"wp-block-button__link has-black-color has-pale-cyan-blue-background-color has-text-color has-background wp-element-button\" href=\"https:\/\/salzburg-verkehr.at\/downloads\/regionalbus-640-zell-am-see-taxenbach-rauris-bucheben-kolm-saigurn\/\" target=\"_blank\" rel=\"noreferrer noopener\">Kolm-Saigurn (1.598m)<\/a><\/div>\n<\/div>\n\n\n\n<div style=\"height:25px\" aria-hidden=\"true\" class=\"wp-block-spacer\"><\/div>\n","protected":false},"excerpt":{"rendered":"<p>N\u00e4chstgelegene(n) H\u00dcTTE(N):&nbsp;Zittelhaus direkt am Gipfel (ca. 5 Min. Gehzeit, blau), Otto Umlauft Biwak in nordwestlicher Richtung&nbsp;(ca. 3,5 Std. Gehzeit, schwarz), Naturfreundehaus Kolm-Saigurn in nordwestlicher, dann westlicher Richtung&nbsp;(ca. 4,5 Std. Gehzeit, schwarz), Rojacher H\u00fctte in s\u00fcd\u00f6stlicher Richtung&nbsp;(ca. 1,0 Std. Gehzeit, schwarz), Niedersachsenhaus in s\u00fcd\u00f6stlicher, dann nord\u00f6stlicher Richtung&nbsp;(ca. 5,0 Std. Gehzeit, schwarz), Duisburger H\u00fctte in s\u00fcd\u00f6stlicher Richtung &hellip; <\/p>\n<p class=\"link-more\"><a href=\"https:\/\/xn--tauernhhenweg-omb.com\/?page_id=614\" class=\"more-link\">Mehr <span class=\"screen-reader-text\">\u00fcber &#8222;6: Hoher Sonnblick (3.106m)&#8220; <\/span>Lesen<\/a><\/p>\n","protected":false},"author":1,"featured_media":615,"parent":167,"menu_order":6,"comment_status":"open","ping_status":"closed","template":"","meta":{"inspiro_hide_title":false,"footnotes":""},"class_list":["post-614","page","type-page","status-publish","has-post-thumbnail","hentry"],"_links":{"self":[{"href":"https:\/\/xn--tauernhhenweg-omb.com\/index.php?rest_route=\/wp\/v2\/pages\/614","targetHints":{"allow":["GET"]}}],"collection":[{"href":"https:\/\/xn--tauernhhenweg-omb.com\/index.php?rest_route=\/wp\/v2\/pages"}],"about":[{"href":"https:\/\/xn--tauernhhenweg-omb.com\/index.php?rest_route=\/wp\/v2\/types\/page"}],"author":[{"embeddable":true,"href":"https:\/\/xn--tauernhhenweg-omb.com\/index.php?rest_route=\/wp\/v2\/users\/1"}],"replies":[{"embeddable":true,"href":"https:\/\/xn--tauernhhenweg-omb.com\/index.php?rest_route=%2Fwp%2Fv2%2Fcomments&post=614"}],"version-history":[{"count":5,"href":"https:\/\/xn--tauernhhenweg-omb.com\/index.php?rest_route=\/wp\/v2\/pages\/614\/revisions"}],"predecessor-version":[{"id":1267,"href":"https:\/\/xn--tauernhhenweg-omb.com\/index.php?rest_route=\/wp\/v2\/pages\/614\/revisions\/1267"}],"up":[{"embeddable":true,"href":"https:\/\/xn--tauernhhenweg-omb.com\/index.php?rest_route=\/wp\/v2\/pages\/167"}],"wp:featuredmedia":[{"embeddable":true,"href":"https:\/\/xn--tauernhhenweg-omb.com\/index.php?rest_route=\/wp\/v2\/media\/615"}],"wp:attachment":[{"href":"https:\/\/xn--tauernhhenweg-omb.com\/index.php?rest_route=%2Fwp%2Fv2%2Fmedia&parent=614"}],"curies":[{"name":"wp","href":"https:\/\/api.w.org\/{rel}","templated":true}]}}

<p class="has-light-green-cyan-background-color has-background"><strong>Nächstgelegene(n) HÜTTE(N):</strong>&nbsp;<strong>Zittelhaus</strong> direkt am Gipfel <em>(ca. 5 Min. Gehzeit, blau)</em>, <strong>Otto Umlauft Biwak</strong> in nordwestlicher Richtung&nbsp;<em>(ca. 3,5 Std. Gehzeit, schwarz)</em>, <strong>Naturfreundehaus Kolm-Saigurn</strong> in nordwestlicher, dann westlicher Richtung&nbsp;<em>(ca. 4,5 Std. Gehzeit, schwarz)</em>, <strong>Rojacher Hütte</strong> in südöstlicher Richtung&nbsp;<em>(ca. 1,0 Std. Gehzeit, schwarz)</em>, <strong>Niedersachsenhaus</strong> in südöstlicher, dann nordöstlicher Richtung&nbsp;<em>(ca. 5,0 Std. Gehzeit, schwarz)</em>, <strong>Duisburger Hütte</strong> in südöstlicher Richtung <em>(ca. 5,5 Std. Gehzeit, schwarz)</em></p>



<div class="wp-block-buttons is-layout-flex wp-block-buttons-is-layout-flex">
<div class="wp-block-button"><a class="wp-block-button__link has-black-color has-light-green-cyan-background-color has-text-color has-background wp-element-button" href="https://www.alpenvereinaktiv.com/de/bewirtschaftete-huette/zittel-haus/6938487/" target="_blank" rel="noreferrer noopener">Zittelhaus (3.105m)</a></div>



<div class="wp-block-button"><a class="wp-block-button__link has-black-color has-light-green-cyan-background-color has-text-color has-background wp-element-button" href="https://www.alpenvereinaktiv.com/de/biwak/otto-umlauft-biwak/6938316/" target="_blank" rel="noreferrer noopener">Otto Umlauft Biwak (2.987m)</a></div>



<div class="wp-block-button"><a class="wp-block-button__link has-black-color has-light-green-cyan-background-color has-text-color has-background wp-element-button" href="https://www.alpenvereinaktiv.com/de/bewirtschaftete-huette/naturfreundehaus-kolm-saigurn/40116289/" target="_blank" rel="noreferrer noopener">Naturfreundehaus Kolm-Saigurn (1.598m)</a></div>



<div class="wp-block-button"><a class="wp-block-button__link has-black-color has-light-green-cyan-background-color has-text-color has-background wp-element-button" href="https://www.alpenvereinaktiv.com/de/bewirtschaftete-huette/rojacher-huette/7025974/" target="_blank" rel="noreferrer noopener">Rojacher Hütte (2.718m)</a></div>



<div class="wp-block-button"><a class="wp-block-button__link has-black-color has-light-green-cyan-background-color has-text-color has-background wp-element-button" href="https://www.alpenvereinaktiv.com/de/bewirtschaftete-huette/niedersachsenhaus/6938658/" target="_blank" rel="noreferrer noopener">Niedersachsenhaus (2.471m)</a></div>



<div class="wp-block-button"><a class="wp-block-button__link has-black-color has-light-green-cyan-background-color has-text-color has-background wp-element-button" href="https://www.alpenvereinaktiv.com/de/bewirtschaftete-huette/duisburger-huette/6938549/" target="_blank" rel="noreferrer noopener">Duisburger Hütte (2.572m)</a></div>
</div>



<div style="height:25px" aria-hidden="true" class="wp-block-spacer"></div>



<p class="has-cyan-bluish-gray-background-color has-background"><strong>Nächstgelegene(r) TALORT(E):</strong>&nbsp;<strong>Heiligenblut</strong> in westlicher Richtung&nbsp;<em>(ca. 5,0 Std. Gehzeit, rot)</em>, <strong>Kolm-Saigurn</strong> in nordöstlicher, dann westlicher Richtung&nbsp;<em>(ca. 4,5 Std. Gehzeit, schwarz)</em></p>



<div class="wp-block-buttons is-layout-flex wp-block-buttons-is-layout-flex">
<div class="wp-block-button"><a class="wp-block-button__link has-black-color has-cyan-bluish-gray-background-color has-text-color has-background wp-element-button" href="https://heiligenblut.at/" target="_blank" rel="noreferrer noopener">Heiligenblut (1.288m)</a></div>



<div class="wp-block-button"><a class="wp-block-button__link has-black-color has-cyan-bluish-gray-background-color has-text-color has-background wp-element-button" href="https://www.raurisertal.at/" target="_blank" rel="noreferrer noopener">Kolm-Saigurn bei Rauris (1.598m)</a></div>
</div>



<div style="height:25px" aria-hidden="true" class="wp-block-spacer"></div>



<p class="has-pale-cyan-blue-background-color has-background"><strong>Nächstgelegene(n) ÖPNV-HALTESTELLEN(N):</strong>&nbsp;<strong>Fleißtal-Fleißkehre</strong> in westlicher Richtung&nbsp;<em>(ca. 4,5 Std. Gehzeit, rot)</em>, <strong>Kolm-Saigurn</strong> in östlicher Richtung&nbsp;<em>(ca. 2,5 Std. Gehzeit, rot)</em></p>



<div class="wp-block-buttons is-layout-flex wp-block-buttons-is-layout-flex">
<div class="wp-block-button"><a class="wp-block-button__link has-black-color has-pale-cyan-blue-background-color has-text-color has-background wp-element-button" href="https://www.kaerntner-linien.at/wp-content/uploads/9546-heiligenblut-franz-josefs.hoehe_.01.06.-14.9.2025.pdf" target="_blank" rel="noreferrer noopener">Fleißtal-Fleißkehre (1.505m)</a></div>



<div class="wp-block-button"><a class="wp-block-button__link has-black-color has-pale-cyan-blue-background-color has-text-color has-background wp-element-button" href="https://salzburg-verkehr.at/downloads/regionalbus-640-zell-am-see-taxenbach-rauris-bucheben-kolm-saigurn/" target="_blank" rel="noreferrer noopener">Kolm-Saigurn (1.598m)</a></div>
</div>



<div style="height:25px" aria-hidden="true" class="wp-block-spacer"></div>

<p>Nächstgelegene(n) HÜTTE(N):&nbsp;Zittelhaus direkt am Gipfel (ca. 5 Min. Gehzeit, blau), Otto Umlauft Biwak in nordwestlicher Richtung&nbsp;(ca. 3,5 Std. Gehzeit, schwarz), Naturfreundehaus Kolm-Saigurn in nordwestlicher, dann westlicher Richtung&nbsp;(ca. 4,5 Std. Gehzeit, schwarz), Rojacher Hütte in südöstlicher Richtung&nbsp;(ca. 1,0 Std. Gehzeit, schwarz), Niedersachsenhaus in südöstlicher, dann nordöstlicher Richtung&nbsp;(ca. 5,0 Std. Gehzeit, schwarz), Duisburger Hütte in südöstlicher Richtung &hellip; </p>
<p class="link-more"><a href="https://xn--tauernhhenweg-omb.com/?page_id=614" class="more-link">Mehr <span class="screen-reader-text">über &#8222;6: Hoher Sonnblick (3.106m)&#8220; </span>Lesen</a></p>
