{"id":636,"date":"2023-05-09T16:20:55","date_gmt":"2023-05-09T16:20:55","guid":{"rendered":"https:\/\/xn--tauernhhenweg-omb.com\/?page_id=636"},"modified":"2025-05-12T17:51:51","modified_gmt":"2025-05-12T17:51:51","slug":"wegepunkt-7-fraganter-scharte-2-754m","status":"publish","type":"page","link":"https:\/\/xn--tauernhhenweg-omb.com\/?page_id=636","title":{"rendered":"7: Fraganter Scharte (2.754m)"},"content":{"rendered":"\n<p class=\"has-light-green-cyan-background-color has-background\"><strong>N\u00e4chstgelegene(n) H\u00dcTTE(N):<\/strong>&nbsp;<strong>Zittelhaus<\/strong>&nbsp;in westlicher, dann nordwestlicher Richtung&nbsp;<em>(ca. 4,0 Gehzeit, schwarz)<\/em>,&nbsp;<strong>Rojacher H\u00fctte<\/strong>&nbsp;in westlicher, dann nordwestlicher Richtung&nbsp;<em>(ca. 3,5 Std. Gehzeit, schwarz)<\/em>,&nbsp;<strong>Duisburger H\u00fctte<\/strong>&nbsp;in s\u00fcds\u00fcd\u00f6stlicher Richtung&nbsp;<em>(ca. 3,0 Std. Gehzeit, schwarz)<\/em>, <strong>Niedersachsenhaus<\/strong>&nbsp;in n\u00f6rdlicher Richtung&nbsp;<em>(ca. 4,5 Std. Gehzeit, schwarz)<\/em>, <strong>Naturfreundehaus Schutzhaus Neubau<\/strong> in nordwestlicher Richtung <em>(ca. 3,5 Std. Gehzeit, rot)<\/em><\/p>\n\n\n\n<div class=\"wp-block-buttons is-layout-flex wp-block-buttons-is-layout-flex\">\n<div class=\"wp-block-button\"><a class=\"wp-block-button__link has-black-color has-light-green-cyan-background-color has-text-color has-background wp-element-button\" href=\"https:\/\/www.alpenvereinaktiv.com\/de\/bewirtschaftete-huette\/zittel-haus\/6938487\/\" target=\"_blank\" rel=\"noreferrer noopener\">Zittelhaus (3.105m)<\/a><\/div>\n\n\n\n<div class=\"wp-block-button\"><a class=\"wp-block-button__link has-black-color has-light-green-cyan-background-color has-text-color has-background wp-element-button\" href=\"https:\/\/www.alpenvereinaktiv.com\/de\/bewirtschaftete-huette\/rojacher-huette\/7025974\/\" target=\"_blank\" rel=\"noreferrer noopener\">Rojacher H\u00fctte (2.718m)<\/a><\/div>\n\n\n\n<div class=\"wp-block-button\"><a class=\"wp-block-button__link has-black-color has-light-green-cyan-background-color has-text-color has-background wp-element-button\" href=\"https:\/\/www.alpenvereinaktiv.com\/de\/bewirtschaftete-huette\/duisburger-huette\/6938549\/\" target=\"_blank\" rel=\"noreferrer noopener\">Duisburger H\u00fctte (2.572m)<\/a><\/div>\n\n\n\n<div class=\"wp-block-button\"><a class=\"wp-block-button__link has-black-color has-light-green-cyan-background-color has-text-color has-background wp-element-button\" href=\"https:\/\/www.alpenvereinaktiv.com\/de\/bewirtschaftete-huette\/niedersachsenhaus\/6938658\/\" target=\"_blank\" rel=\"noreferrer noopener\">Niedersachsenhaus (2.471m)<\/a><\/div>\n\n\n\n<div class=\"wp-block-button\"><a class=\"wp-block-button__link has-black-color has-light-green-cyan-background-color has-text-color has-background wp-element-button\" href=\"https:\/\/www.alpenvereinaktiv.com\/de\/bewirtschaftete-huette\/naturfreunde-schutzhaus-neubau\/40116369\/\" target=\"_blank\" rel=\"noreferrer noopener\">Naturfreundehaus Schutzhaus Neubau (2.175m)<\/a><\/div>\n<\/div>\n\n\n\n<div style=\"height:25px\" aria-hidden=\"true\" class=\"wp-block-spacer\"><\/div>\n\n\n\n<p class=\"has-cyan-bluish-gray-background-color has-background\"><strong>N\u00e4chstgelegene(r) TALORT(E):<\/strong>&nbsp;<strong>Innerfragant<\/strong>&nbsp;in s\u00fcd\u00f6stlicher Richtung&nbsp;<em>(ca. 6,0 Std. Gehzeit, schwarz)<\/em>,&nbsp;<strong>Kolm-Saigurn<\/strong>&nbsp;in nordwestlicher Richtung&nbsp;<em>(ca. 5,5 Std. Gehzeit, rot)<\/em><\/p>\n\n\n\n<div class=\"wp-block-buttons is-layout-flex wp-block-buttons-is-layout-flex\">\n<div class=\"wp-block-button\"><a class=\"wp-block-button__link has-black-color has-cyan-bluish-gray-background-color has-text-color has-background wp-element-button\" href=\"https:\/\/www.flattach.at\/\" target=\"_blank\" rel=\"noreferrer noopener\">INNERFRAGANT BEI FLATTACH (1.141m)<\/a><\/div>\n\n\n\n<div class=\"wp-block-button\"><a class=\"wp-block-button__link has-black-color has-cyan-bluish-gray-background-color has-text-color has-background wp-element-button\" href=\"https:\/\/www.raurisertal.at\/\" target=\"_blank\" rel=\"noreferrer noopener\">Kolm-Saigurn bei Rauris (1.598m)<\/a><\/div>\n<\/div>\n\n\n\n<div style=\"height:25px\" aria-hidden=\"true\" class=\"wp-block-spacer\"><\/div>\n\n\n\n<p class=\"has-pale-cyan-blue-background-color has-background\"><strong>N\u00e4chstgelegene(n) \u00d6PNV-HALTESTELLEN(N):<\/strong>&nbsp;<strong>Bergstation M\u00f6lltaler Gletscherbahn<\/strong> in s\u00fcds\u00fcd\u00f6stlicher Richtung <em>(ca. 4,0 Std. Gehzeit, schwarz)<\/em>, <strong>Innerfragant-M\u00f6lltaler Gletscherbahn<\/strong>&nbsp;in s\u00fcd\u00f6stlicher Richtung&nbsp;<em>(ca. 6,0 Std. Gehzeit, schwarz)<\/em>,&nbsp;<strong>Kolm-Saigurn<\/strong>&nbsp;in nordwestlicher Richtung&nbsp;<em>(ca. 5,5 Std. Gehzeit, rot)<\/em><\/p>\n\n\n\n<div class=\"wp-block-buttons is-layout-flex wp-block-buttons-is-layout-flex\">\n<div class=\"wp-block-button\"><a class=\"wp-block-button__link has-black-color has-pale-cyan-blue-background-color has-text-color has-background wp-element-button\" href=\"https:\/\/www.moelltaler-gletscher.at\/\" target=\"_blank\" rel=\"noreferrer noopener\">Bergstation M\u00f6lltaler Gletscherbahn (2.234m)<\/a><\/div>\n\n\n\n<div class=\"wp-block-button\"><a class=\"wp-block-button__link has-black-color has-pale-cyan-blue-background-color has-text-color has-background wp-element-button\" href=\"https:\/\/www.kaerntner-linien.at\/wp-content\/uploads\/5115-moelltaler.gletscher-mallnitz-ankogel-24.05.2025.pdf\" target=\"_blank\" rel=\"noreferrer noopener\">Innerfragant-M\u00f6lltaler Gletscherbanh (1.223m)<\/a><\/div>\n\n\n\n<div class=\"wp-block-button\"><a class=\"wp-block-button__link has-black-color has-pale-cyan-blue-background-color has-text-color has-background wp-element-button\" href=\"https:\/\/salzburg-verkehr.at\/downloads\/regionalbus-640-zell-am-see-taxenbach-rauris-bucheben-kolm-saigurn\/\" target=\"_blank\" rel=\"noreferrer noopener\">Kolm-Saigurn (1.598m)<\/a><\/div>\n<\/div>\n\n\n\n<div style=\"height:25px\" aria-hidden=\"true\" class=\"wp-block-spacer\"><\/div>\n\n\n\n<p><\/p>\n","protected":false},"excerpt":{"rendered":"<p>N\u00e4chstgelegene(n) H\u00dcTTE(N):&nbsp;Zittelhaus&nbsp;in westlicher, dann nordwestlicher Richtung&nbsp;(ca. 4,0 Gehzeit, schwarz),&nbsp;Rojacher H\u00fctte&nbsp;in westlicher, dann nordwestlicher Richtung&nbsp;(ca. 3,5 Std. Gehzeit, schwarz),&nbsp;Duisburger H\u00fctte&nbsp;in s\u00fcds\u00fcd\u00f6stlicher Richtung&nbsp;(ca. 3,0 Std. Gehzeit, schwarz), Niedersachsenhaus&nbsp;in n\u00f6rdlicher Richtung&nbsp;(ca. 4,5 Std. Gehzeit, schwarz), Naturfreundehaus Schutzhaus Neubau in nordwestlicher Richtung (ca. 3,5 Std. Gehzeit, rot) N\u00e4chstgelegene(r) TALORT(E):&nbsp;Innerfragant&nbsp;in s\u00fcd\u00f6stlicher Richtung&nbsp;(ca. 6,0 Std. Gehzeit, schwarz),&nbsp;Kolm-Saigurn&nbsp;in nordwestlicher Richtung&nbsp;(ca. 5,5 Std. &hellip; <\/p>\n<p class=\"link-more\"><a href=\"https:\/\/xn--tauernhhenweg-omb.com\/?page_id=636\" class=\"more-link\">Mehr <span class=\"screen-reader-text\">\u00fcber &#8222;7: Fraganter Scharte (2.754m)&#8220; <\/span>Lesen<\/a><\/p>\n","protected":false},"author":1,"featured_media":637,"parent":167,"menu_order":7,"comment_status":"open","ping_status":"closed","template":"","meta":{"inspiro_hide_title":false,"footnotes":""},"class_list":["post-636","page","type-page","status-publish","has-post-thumbnail","hentry"],"_links":{"self":[{"href":"https:\/\/xn--tauernhhenweg-omb.com\/index.php?rest_route=\/wp\/v2\/pages\/636","targetHints":{"allow":["GET"]}}],"collection":[{"href":"https:\/\/xn--tauernhhenweg-omb.com\/index.php?rest_route=\/wp\/v2\/pages"}],"about":[{"href":"https:\/\/xn--tauernhhenweg-omb.com\/index.php?rest_route=\/wp\/v2\/types\/page"}],"author":[{"embeddable":true,"href":"https:\/\/xn--tauernhhenweg-omb.com\/index.php?rest_route=\/wp\/v2\/users\/1"}],"replies":[{"embeddable":true,"href":"https:\/\/xn--tauernhhenweg-omb.com\/index.php?rest_route=%2Fwp%2Fv2%2Fcomments&post=636"}],"version-history":[{"count":10,"href":"https:\/\/xn--tauernhhenweg-omb.com\/index.php?rest_route=\/wp\/v2\/pages\/636\/revisions"}],"predecessor-version":[{"id":1269,"href":"https:\/\/xn--tauernhhenweg-omb.com\/index.php?rest_route=\/wp\/v2\/pages\/636\/revisions\/1269"}],"up":[{"embeddable":true,"href":"https:\/\/xn--tauernhhenweg-omb.com\/index.php?rest_route=\/wp\/v2\/pages\/167"}],"wp:featuredmedia":[{"embeddable":true,"href":"https:\/\/xn--tauernhhenweg-omb.com\/index.php?rest_route=\/wp\/v2\/media\/637"}],"wp:attachment":[{"href":"https:\/\/xn--tauernhhenweg-omb.com\/index.php?rest_route=%2Fwp%2Fv2%2Fmedia&parent=636"}],"curies":[{"name":"wp","href":"https:\/\/api.w.org\/{rel}","templated":true}]}}