{"id":678,"date":"2023-05-12T13:27:56","date_gmt":"2023-05-12T13:27:56","guid":{"rendered":"https:\/\/xn--tauernhhenweg-omb.com\/?page_id=678"},"modified":"2025-05-13T08:42:00","modified_gmt":"2025-05-13T08:42:00","slug":"wegenpunkt-11-hagener-huette-2-446m","status":"publish","type":"page","link":"https:\/\/xn--tauernhhenweg-omb.com\/?page_id=678","title":{"rendered":"11: Hagener H\u00fctte (2.446m)"},"content":{"rendered":"\n<p class=\"has-light-green-cyan-background-color has-background\"><strong>N\u00e4chstgelegene H\u00dcTTE(N):<\/strong>&nbsp;<strong>Duisburger H\u00fctte<\/strong>&nbsp;in s\u00fcdwestlicher, dann nordwestlicher Richtung&nbsp;<em>(ca. 5,0 Std. Gehzeit, schwarz)<\/em>,&nbsp;<strong>B\u00f6seckh\u00fctte<\/strong>&nbsp;in s\u00fcdwestlicher, dann s\u00fcdlicher und schlie\u00dflich s\u00fcd\u00f6stlicher Richtung&nbsp;<em>(ca. 6,0 Std. Gehzeit, schwarz)<\/em>,&nbsp;<strong>Mindener H\u00fctte<\/strong>&nbsp;in \u00f6stlicher Richtung&nbsp;<em>(ca. 3,5 Std. Gehzeit, schwarz)<\/em>, <strong>Hannoverhaus<\/strong> in \u00f6stlicher Richtung <em>(ca. 8,5 Std. Gehzeit, schwarz)<\/em><\/p>\n\n\n\n<div class=\"wp-block-buttons is-layout-flex wp-block-buttons-is-layout-flex\">\n<div class=\"wp-block-button\"><a class=\"wp-block-button__link has-black-color has-light-green-cyan-background-color has-text-color has-background wp-element-button\" href=\"https:\/\/www.alpenvereinaktiv.com\/de\/bewirtschaftete-huette\/duisburger-huette\/6938549\/\" target=\"_blank\" rel=\"noreferrer noopener\">Duisburger H\u00fctte (2.572m)<\/a><\/div>\n\n\n\n<div class=\"wp-block-button\"><a class=\"wp-block-button__link has-black-color has-light-green-cyan-background-color has-text-color has-background wp-element-button\" href=\"https:\/\/www.alpenvereinaktiv.com\/de\/biwak\/boeseckhuette\/7025988\/\" target=\"_blank\" rel=\"noreferrer noopener\">B\u00f6seckh\u00fctte (2.594m)<\/a><\/div>\n\n\n\n<div class=\"wp-block-button\"><a class=\"wp-block-button__link has-black-color has-light-green-cyan-background-color has-text-color has-background wp-element-button\" href=\"https:\/\/www.alpenvereinaktiv.com\/de\/selbstversorgerhuette\/mindener-huette\/7026226\/\" target=\"_blank\" rel=\"noreferrer noopener\">Mindener H\u00fctte (2.428m)<\/a><\/div>\n\n\n\n<div class=\"wp-block-button\"><a class=\"wp-block-button__link has-black-color has-light-green-cyan-background-color has-text-color has-background wp-element-button\" href=\"https:\/\/www.alpenvereinaktiv.com\/de\/bewirtschaftete-huette\/hannoverhaus\/6938591\/\" target=\"_blank\" rel=\"noreferrer noopener\">Hannoverhaus (2.565m)<\/a><\/div>\n<\/div>\n\n\n\n<div style=\"height:25px\" aria-hidden=\"true\" class=\"wp-block-spacer\"><\/div>\n\n\n\n<p class=\"has-cyan-bluish-gray-background-color has-background\"><strong>N\u00e4chstgelegene(r) TALORT(E):<\/strong>&nbsp;<strong>Mallnitz<\/strong>&nbsp;in \u00f6stlicher Richtung&nbsp;<em>(ca. 4,0 Std. Gehzeit, rot)<\/em>,&nbsp;<strong>Sportgastein<\/strong>&nbsp;in nordwestlicher Richtung&nbsp;<em>(ca. 3,0 Std. Gehzeit, rot)<\/em><\/p>\n\n\n\n<div class=\"wp-block-buttons is-layout-flex wp-block-buttons-is-layout-flex\">\n<div class=\"wp-block-button\"><a class=\"wp-block-button__link has-black-color has-cyan-bluish-gray-background-color has-text-color has-background wp-element-button\" href=\"https:\/\/www.mallnitz.at\/\" target=\"_blank\" rel=\"noreferrer noopener\">Mallnitz (1.191m)<\/a><\/div>\n\n\n\n<div class=\"wp-block-button\"><a class=\"wp-block-button__link has-black-color has-cyan-bluish-gray-background-color has-text-color has-background wp-element-button\" href=\"https:\/\/www.gastein.com\/gastein\/gasteinertal\/sportgastein\/\" target=\"_blank\" rel=\"noreferrer noopener\">Sportgastein (1.598m)<\/a><\/div>\n<\/div>\n\n\n\n<div style=\"height:25px\" aria-hidden=\"true\" class=\"wp-block-spacer\"><\/div>\n\n\n\n<p class=\"has-pale-cyan-blue-background-color has-background\"><strong>N\u00e4chstgelegene(n) \u00d6PNV-HALTESTELLE(N):<\/strong>&nbsp;<strong>Wanderparkplatz Jamnigalm<\/strong>&nbsp;in \u00f6stlicher Richtung&nbsp;<em>(ca. 2,5 Std. Gehzeit, rot)<\/em>, <strong>Sportgastein Goldbergbahn<\/strong> in nordwestlicher Richtung <em>(ca. 3,0 Std. Gehzeit, rot)<\/em><\/p>\n\n\n\n<div class=\"wp-block-buttons is-layout-flex wp-block-buttons-is-layout-flex\">\n<div class=\"wp-block-button\"><a class=\"wp-block-button__link has-black-color has-pale-cyan-blue-background-color has-text-color has-background wp-element-button\" href=\"https:\/\/www.kaernten-bus.at\/download\/bus-5115-wanderbus-sommer-moelltaler-gletscher-obervellach-jamnigalm\/?wpdmdl=4417&amp;refresh=68223963838bb1747073379\" target=\"_blank\" rel=\"noreferrer noopener\">Wanderparkplatz Jamnigalm (1.690m)<\/a><\/div>\n\n\n\n<div class=\"wp-block-button\"><a class=\"wp-block-button__link has-black-color has-pale-cyan-blue-background-color has-text-color has-background wp-element-button\" href=\"https:\/\/salzburg-verkehr.at\/downloads\/regionalbus-550-st-johann-schwarzach-lend-dorfgastein-bad-hofgastein-bad-gastein-boeckstein\/\" target=\"_blank\" rel=\"noreferrer noopener\">Sportgastein Goldbergbahn (1.585m)<\/a><\/div>\n<\/div>\n\n\n\n<div style=\"height:25px\" aria-hidden=\"true\" class=\"wp-block-spacer\"><\/div>\n","protected":false},"excerpt":{"rendered":"<p>N\u00e4chstgelegene H\u00dcTTE(N):&nbsp;Duisburger H\u00fctte&nbsp;in s\u00fcdwestlicher, dann nordwestlicher Richtung&nbsp;(ca. 5,0 Std. Gehzeit, schwarz),&nbsp;B\u00f6seckh\u00fctte&nbsp;in s\u00fcdwestlicher, dann s\u00fcdlicher und schlie\u00dflich s\u00fcd\u00f6stlicher Richtung&nbsp;(ca. 6,0 Std. Gehzeit, schwarz),&nbsp;Mindener H\u00fctte&nbsp;in \u00f6stlicher Richtung&nbsp;(ca. 3,5 Std. Gehzeit, schwarz), Hannoverhaus in \u00f6stlicher Richtung (ca. 8,5 Std. Gehzeit, schwarz) N\u00e4chstgelegene(r) TALORT(E):&nbsp;Mallnitz&nbsp;in \u00f6stlicher Richtung&nbsp;(ca. 4,0 Std. Gehzeit, rot),&nbsp;Sportgastein&nbsp;in nordwestlicher Richtung&nbsp;(ca. 3,0 Std. Gehzeit, rot) N\u00e4chstgelegene(n) \u00d6PNV-HALTESTELLE(N):&nbsp;Wanderparkplatz Jamnigalm&nbsp;in &hellip; <\/p>\n<p class=\"link-more\"><a href=\"https:\/\/xn--tauernhhenweg-omb.com\/?page_id=678\" class=\"more-link\">Mehr <span class=\"screen-reader-text\">\u00fcber &#8222;11: Hagener H\u00fctte (2.446m)&#8220; <\/span>Lesen<\/a><\/p>\n","protected":false},"author":1,"featured_media":445,"parent":167,"menu_order":11,"comment_status":"open","ping_status":"closed","template":"","meta":{"inspiro_hide_title":false,"footnotes":""},"class_list":["post-678","page","type-page","status-publish","has-post-thumbnail","hentry"],"_links":{"self":[{"href":"https:\/\/xn--tauernhhenweg-omb.com\/index.php?rest_route=\/wp\/v2\/pages\/678","targetHints":{"allow":["GET"]}}],"collection":[{"href":"https:\/\/xn--tauernhhenweg-omb.com\/index.php?rest_route=\/wp\/v2\/pages"}],"about":[{"href":"https:\/\/xn--tauernhhenweg-omb.com\/index.php?rest_route=\/wp\/v2\/types\/page"}],"author":[{"embeddable":true,"href":"https:\/\/xn--tauernhhenweg-omb.com\/index.php?rest_route=\/wp\/v2\/users\/1"}],"replies":[{"embeddable":true,"href":"https:\/\/xn--tauernhhenweg-omb.com\/index.php?rest_route=%2Fwp%2Fv2%2Fcomments&post=678"}],"version-history":[{"count":5,"href":"https:\/\/xn--tauernhhenweg-omb.com\/index.php?rest_route=\/wp\/v2\/pages\/678\/revisions"}],"predecessor-version":[{"id":1282,"href":"https:\/\/xn--tauernhhenweg-omb.com\/index.php?rest_route=\/wp\/v2\/pages\/678\/revisions\/1282"}],"up":[{"embeddable":true,"href":"https:\/\/xn--tauernhhenweg-omb.com\/index.php?rest_route=\/wp\/v2\/pages\/167"}],"wp:featuredmedia":[{"embeddable":true,"href":"https:\/\/xn--tauernhhenweg-omb.com\/index.php?rest_route=\/wp\/v2\/media\/445"}],"wp:attachment":[{"href":"https:\/\/xn--tauernhhenweg-omb.com\/index.php?rest_route=%2Fwp%2Fv2%2Fmedia&parent=678"}],"curies":[{"name":"wp","href":"https:\/\/api.w.org\/{rel}","templated":true}]}}

11: Hagener Hütte (2.446m)

<p class="has-light-green-cyan-background-color has-background"><strong>Nächstgelegene HÜTTE(N):</strong>&nbsp;<strong>Duisburger Hütte</strong>&nbsp;in südwestlicher, dann nordwestlicher Richtung&nbsp;<em>(ca. 5,0 Std. Gehzeit, schwarz)</em>,&nbsp;<strong>Böseckhütte</strong>&nbsp;in südwestlicher, dann südlicher und schließlich südöstlicher Richtung&nbsp;<em>(ca. 6,0 Std. Gehzeit, schwarz)</em>,&nbsp;<strong>Mindener Hütte</strong>&nbsp;in östlicher Richtung&nbsp;<em>(ca. 3,5 Std. Gehzeit, schwarz)</em>, <strong>Hannoverhaus</strong> in östlicher Richtung <em>(ca. 8,5 Std. Gehzeit, schwarz)</em></p>



<div class="wp-block-buttons is-layout-flex wp-block-buttons-is-layout-flex">
<div class="wp-block-button"><a class="wp-block-button__link has-black-color has-light-green-cyan-background-color has-text-color has-background wp-element-button" href="https://www.alpenvereinaktiv.com/de/bewirtschaftete-huette/duisburger-huette/6938549/" target="_blank" rel="noreferrer noopener">Duisburger Hütte (2.572m)</a></div>



<div class="wp-block-button"><a class="wp-block-button__link has-black-color has-light-green-cyan-background-color has-text-color has-background wp-element-button" href="https://www.alpenvereinaktiv.com/de/biwak/boeseckhuette/7025988/" target="_blank" rel="noreferrer noopener">Böseckhütte (2.594m)</a></div>



<div class="wp-block-button"><a class="wp-block-button__link has-black-color has-light-green-cyan-background-color has-text-color has-background wp-element-button" href="https://www.alpenvereinaktiv.com/de/selbstversorgerhuette/mindener-huette/7026226/" target="_blank" rel="noreferrer noopener">Mindener Hütte (2.428m)</a></div>



<div class="wp-block-button"><a class="wp-block-button__link has-black-color has-light-green-cyan-background-color has-text-color has-background wp-element-button" href="https://www.alpenvereinaktiv.com/de/bewirtschaftete-huette/hannoverhaus/6938591/" target="_blank" rel="noreferrer noopener">Hannoverhaus (2.565m)</a></div>
</div>



<div style="height:25px" aria-hidden="true" class="wp-block-spacer"></div>



<p class="has-cyan-bluish-gray-background-color has-background"><strong>Nächstgelegene(r) TALORT(E):</strong>&nbsp;<strong>Mallnitz</strong>&nbsp;in östlicher Richtung&nbsp;<em>(ca. 4,0 Std. Gehzeit, rot)</em>,&nbsp;<strong>Sportgastein</strong>&nbsp;in nordwestlicher Richtung&nbsp;<em>(ca. 3,0 Std. Gehzeit, rot)</em></p>



<div class="wp-block-buttons is-layout-flex wp-block-buttons-is-layout-flex">
<div class="wp-block-button"><a class="wp-block-button__link has-black-color has-cyan-bluish-gray-background-color has-text-color has-background wp-element-button" href="https://www.mallnitz.at/" target="_blank" rel="noreferrer noopener">Mallnitz (1.191m)</a></div>



<div class="wp-block-button"><a class="wp-block-button__link has-black-color has-cyan-bluish-gray-background-color has-text-color has-background wp-element-button" href="https://www.gastein.com/gastein/gasteinertal/sportgastein/" target="_blank" rel="noreferrer noopener">Sportgastein (1.598m)</a></div>
</div>



<div style="height:25px" aria-hidden="true" class="wp-block-spacer"></div>



<p class="has-pale-cyan-blue-background-color has-background"><strong>Nächstgelegene(n) ÖPNV-HALTESTELLE(N):</strong>&nbsp;<strong>Wanderparkplatz Jamnigalm</strong>&nbsp;in östlicher Richtung&nbsp;<em>(ca. 2,5 Std. Gehzeit, rot)</em>, <strong>Sportgastein Goldbergbahn</strong> in nordwestlicher Richtung <em>(ca. 3,0 Std. Gehzeit, rot)</em></p>



<div class="wp-block-buttons is-layout-flex wp-block-buttons-is-layout-flex">
<div class="wp-block-button"><a class="wp-block-button__link has-black-color has-pale-cyan-blue-background-color has-text-color has-background wp-element-button" href="https://www.kaernten-bus.at/download/bus-5115-wanderbus-sommer-moelltaler-gletscher-obervellach-jamnigalm/?wpdmdl=4417&amp;refresh=68223963838bb1747073379" target="_blank" rel="noreferrer noopener">Wanderparkplatz Jamnigalm (1.690m)</a></div>



<div class="wp-block-button"><a class="wp-block-button__link has-black-color has-pale-cyan-blue-background-color has-text-color has-background wp-element-button" href="https://salzburg-verkehr.at/downloads/regionalbus-550-st-johann-schwarzach-lend-dorfgastein-bad-hofgastein-bad-gastein-boeckstein/" target="_blank" rel="noreferrer noopener">Sportgastein Goldbergbahn (1.585m)</a></div>
</div>



<div style="height:25px" aria-hidden="true" class="wp-block-spacer"></div>

<p>Nächstgelegene HÜTTE(N):&nbsp;Duisburger Hütte&nbsp;in südwestlicher, dann nordwestlicher Richtung&nbsp;(ca. 5,0 Std. Gehzeit, schwarz),&nbsp;Böseckhütte&nbsp;in südwestlicher, dann südlicher und schließlich südöstlicher Richtung&nbsp;(ca. 6,0 Std. Gehzeit, schwarz),&nbsp;Mindener Hütte&nbsp;in östlicher Richtung&nbsp;(ca. 3,5 Std. Gehzeit, schwarz), Hannoverhaus in östlicher Richtung (ca. 8,5 Std. Gehzeit, schwarz) Nächstgelegene(r) TALORT(E):&nbsp;Mallnitz&nbsp;in östlicher Richtung&nbsp;(ca. 4,0 Std. Gehzeit, rot),&nbsp;Sportgastein&nbsp;in nordwestlicher Richtung&nbsp;(ca. 3,0 Std. Gehzeit, rot) Nächstgelegene(n) ÖPNV-HALTESTELLE(N):&nbsp;Wanderparkplatz Jamnigalm&nbsp;in &hellip; </p>
<p class="link-more"><a href="https://xn--tauernhhenweg-omb.com/?page_id=678" class="more-link">Mehr <span class="screen-reader-text">über &#8222;11: Hagener Hütte (2.446m)&#8220; </span>Lesen</a></p>
